 + -5 - 7 - -1 - (16 + -6)?
-13
What is -50 - -160 - (38 + -9)?
81
What is 164 + -162 + (2 - -12) + -11?
5
What is the value of -70 + 66 + (2 - 0) + 2 - -1?
1
-20 - (4 + -126) - 227
-125
-6687 + 6665 + (44 - 2)
20
(-25 - -17 - (-38 + -2)) + (30 - (9 + 18))
35
What is the value of -67 + -33 + (103 - 35)?
-32
Calculate (-234 - -196) + -45 + -6.
-89
Evaluate 9 - (-14 + (31 - 17)) - 37.
-28
Evaluate (-58 - -62) + -6 + 3 + -1 + -13.
-13
(252 - 286) + (7 - -7)
-20
What is the value of (-58 - -61) + (3 + -11 - (3 - 5)) + -80?
-83
Evaluate -19 - (2 - (14 + -6 + -4 + 1)).
-16
Calculate -4 + 76 + -12 + -23.
37
What is the value of (-33 - -2) + (72 - (22 - -124))?
-105
What is the value of 82 - (21 - -74) - (-4 - -1)?
-10
What is the value of -58 - (-118 - -50) - (-32 + 1 - 0)?
41
-11 + 6 + -2 + 16 + -20 + -4 + 21
6
What is (-25 - (-7 - -6)) + 1 - -90?
67
Calculate -11 + (125 - 112 - (-5 - 1 - 1)).
9
8 + (-7 - -2 - (31 - 44) - (-3 + 5))
14
Calculate -52 + 72 - 17 - 71.
-68
What is -152 + 129 - (31 + -30 + (0 - -13))?
-37
What is 11 + (14 - 12) + -168 + 212?
57
(-7 - -71) + -63 + -15
-14
(-1 - 20) + (888 - 816)
51
Evaluate ((19 - 27) + 10 - -6) + 50 + -13.
45
What is (-44 - (-7 - 63)) + 16?
42
25 - (30 - 6 - (-119 - -13)) - (-2 - 1)
-102
-7 - ((-19 - -8) + 6 + -4 + 6) - 44
-48
Calculate (38 - 30 - (-5 - -2 - 4)) + -16.
-1
33 - (-34 + 15 + 13)
39
What is (32 - 97) + 114 - 46?
3
What is the value of -125 + (32 + 120 - 4)?
23
Evaluate -41 + -43 - (2 + 15 - (138 + -138)).
-101
Evaluate -20 + (-5 - 13) + 8 - -12.
-18
(-7 - -4) + 22 - (-26 + 47)
-2
What is the value of (-1 - (1 - 3)) + (45 - (-12 + -9 - 24))?
91
What is -44 - 6 - -31 - (-1 + -14)?
-4
What is the value of -16 - ((17 - 13) + 12 - 48)?
16
Evaluate (163 - 173) + 3 + 0 + -6 + -79.
-92
Calculate ((2 - 8) + -7 - -4) + -14 + 13 - 109.
-119
What is -4 + (-9 - (-1 - 12)) + -25 + 96?
71
12 + 17 + -6 + 3 + 17
43
Evaluate (17 - (-21 + 10)) + (20 + -7 - 2).
39
Evaluate (37 - (-8 + 43)) + -5 + (0 + -4 - 104).
-111
What is -21 - (25 - (55 + 6))?
15
Evaluate (10 - -8) + (18 + 31 - -2) + 14.
83
Evaluate -64 + (-3 + 3 + 6 - (-66 - (32 + -96))).
-56
What is -60 + 116 + (-89 - -80)?
47
Calculate 71 + -39 + -36 + 30.
26
What is the value of 1 + (28 + 1 - (15 - 10) - 9)?
16
Calculate 11 - (-11 + -15 + 44 + -44).
37
What is the value of 62 - (19 + 13 + -22 - -7)?
45
Calculate -21 - -12 - 17 - 2 - 56.
-84
Evaluate 5 - (-4 + 4 + 0) - (35 - (-5 + -6)).
-41
What is -12 + -16 + 76 + -52?
-4
What is -44 + (-29 - -31 - -36)?
-6
-34 - -2 - (5607 + -5742)
103
Evaluate 55 - (9 + (-13 - -28) + 0).
31
What is (2 + -33 - -6) + 1?
-24
Evaluate (-7 - -2) + (350 - 348 - (-16 - -1)) + -11.
1
-60 - -43 - (3 + 1 - (47 + -15))
11
What is 13 + -5 - (-73 - (6 + -39))?
48
Calculate -573 + 586 - (-1 + -4 + (-3 - 13)).
34
What is the value of -1 + 26 - (526 - 586)?
85
-20 - (-85 + -12 + 138)
-61
Calculate -4 - -3 - (9 - 6 - -1 - (-26 - -13)).
-18
What is the value of (7 - 12) + 28 - (-54 + 149)?
-72
3 + 17 + 0 + (7 - (20 - 1)) + 11
19
Calculate 0 + 1 + (1384 - 1362).
23
What is the value of 26 - (-31 - 52) - (1 + 14 - (1 + 6))?
101
What is 23 + -21 + 7 + -20 - -74?
63
What is -14 + -1 + -21 + -477 + 519?
6
3 + 68 + 3 + (-465 + 481 - (-2 - -15))
77
Evaluate 185 + -117 + -102 + 0 + 0 + -15.
-49
Evaluate -36 + (-35 - -57) + 67 + 1.
54
What is the value of -83 + 274 + -289 + 2 + 6 + 0?
-90
What is -99 + (139 - 46) - (4 - 2 - 19)?
11
(-203 - -225) + (6 - (10 + -9 + -47))
74
3 + 0 + (-2 - 0) + -8380 + 8377 + 38
36
Calculate (-15 - 9) + -4 + 26 + 3.
1
Calculate (67 - 23) + -116 - -54.
-18
Calculate -31 - (-99 - -129) - -117.
56
What is the value of 50 + -21 + -24 + (-49 + 0 - (-1 - 1))?
-42
Calculate -40 + -1 + -2678 + 2702 - (-95 - -2).
76
Evaluate 0 + -40 + (7 - ((2 - -5 - 9) + 4)).
-35
What is the value of (1131 - 1202) + (0 - -31)?
-40
Evaluate (105 - 2) + -25 + (3 - 17 - -14) + 21.
99
33 + 87 + -79 + -75
-34
What is -3 + -12 + 13 - (-21 + 12 + (-1 - -12))?
-4
Calculate 35 - (-18 + 73 + -29 + 68).
-59
What is -71 - (82 + -43 - 35 - 39)?
-36
25 + (-14 - (-35 + -1 + 23))
24
What is the value of 17 + 4 + 323 + -363?
-19
Evaluate 7 - 82 - (50 - 72).
-53
4707 - 4738 - (-1 - 82)
52
Calculate -38 - (25 + (-17 - 69)).
23
Evaluate (-22 - (42 - 68)) + -9 + 5.
0
Calculate (1 + 76 + -6 - 0) + (-32 + 13 - -10).
62
Calculate (-20 - (16 - 81)) + -24 + 17.
38
Evaluate (-18 - -44) + -10 + -30 + 8.
-6
Calculate -10 - (10 - (-11 + (40 - 16))) - -24.
17
What is the value of (8 - 15 - -44) + 3 + (-3 - (-8 - 0))?
45
What is the value of -29 + -22 + (21 - -64)?
34
What is the value of (220 - 85) + -95 - 12?
28
-11 + 17 + (36 + -21 - -1)
22
(42 - 2) + 14 + 4 + 4 + -11
51
Calculate -30 + (12 - (33 + -2 - -2)).
-51
What is the value of -1 - 9 - (-22 + 26) - -18 - (-2 - 14)?
20
What is ((-35 - 56) + 24 - 18) + -9?
-94
Calculate 62 - (57 - 6 - 1).
12
What is the value of -16 + (-1 - 7 - -27) + 0 + 0 - -3?
6
Calculate -50 - (120 + -181 + -66).
77
Calculate (-17 - -56) + (15 - (41 - 11)).
24
What is the value of -1 + (3 - 7 - 3) + (-38 - (-10 - 47))?
11
Evaluate -68 + 216 + -145 - 137.
-134
What is 63 + -121 - (-3 + -15 + -4)?
-36
Calculate -14 - (-71 - (-6 + 16 + -3 + -10)).
54
Evaluate (79 - 97) + (-2 - -6) + (3 - (2 - 1)).
-12
What is the value of 44 + (13 - -4) - (29 + 9)?
23
What is the value of (112 - 3) + 4 - ((20 - -7) + 5 + -39)?
120
What is 15 - (1 + 8 + (-58 - -51 - -94))?
-81
(-2 - -6) + (203 - 192) + (9 - -2)
26
What is (1 - -23) + -11 + (-2 + -9 - -1)?
3
-427 + 510 + (-25 - 60)
-2
Evaluate 3 + -5 + -17 - (-288 - -252) - 20.
-3
(-35 - -1) + (115 + 75 - 280)
-124
Evaluate (3 - 6 - -2) + -16 + -158 + 270.
95
Calculate -213 - -192 - (0 + -22) - (-1 + 79).
-77
Evaluate (-3561 - -3653) + (-50 - 0).
42
9 + -18 + 11 + -7 + 1 + 84 + 3
83
What is the value of -24 + (1 - (15 - (39 - 21)))?
-20
Evaluate -1 + -18 + 7 + 19 - -31 - 3.
35
Calculate -14 + (13 - (-13 + -64)) + -14 + 17.
79
What is -9 - (-2 - -3) - (-8 + (31 - 11))?
-22
What is the value of 10 - 7 - ((-1 - -2) + (-19 - -79))?
-58
(-14 - 30) + -2 + -40 + 15
-71
What is (-1 - -2 - (-15 + 9)) + -10 + 4?
1
-29 + 28 + -26 + 30 - 11
-8
What is (11 + -6 - (1 - 0)) + (-73 - 74) + 106?
-37
What is the value of 7 - ((-45 - 0) + -6 - (-3 - (11 - 17)))?
61
Evaluate -142 + 3 + 1306 + -1265.
-98
What is -1 + 58 - (11734 - 11724)?
47
Calculate 17 + (-217 + 194 - (46 - 1)).
-51
Calculate (-60 - -7) + -283 + 351.
15
Evaluate (240 - 50 - 67) + -65.
58
What is (-14 - ((1 - 29) + 29 + -13)) + 13?
11
Evaluate -39 - (-194 + 194 + -1 + 1 - -8).
-47
Calculate (-14 - 1) + (16 - (-24 - -3 - -31)).
-9
What is the value of -15 + (-68 - -77 - ((-8 - -16) + 41))?
-55
3 - -18 - (213 + -181)
-11
Calculate 32 - (-36 - -127) - 8.
-67
Evaluate (-48 - -39) + -2 + 0 - (-114 + (-2 - 1)).
106
Evaluate -2 + (-6 + (16 - 12) + -5 - 1).
-10
What is the value of 57 - -1 - (519 + -538) - -11?
88
-5 - ((2 - 1) + 14 + (-4979 - -5002))
-43
What is the value of 115 + (-12 + 10 + 3 + 12 - 12)?
116
Calculate 153 - (46 - -11 - -24).
72
Calculate 1 + 63 + -12 + 29 + 2 + -23.
60
Calculate 0 + (140 - 15) - (-60 - -54).
131
Evaluate -25 - (79 + (-49 - (-61 + 42))).
-74
0 + -205 - (-4863 + 4786)
-128
Calculate -1 + (17 + -10 + 3 - (0 + 19)).
-10
Calculate (26 - 43) + -2 + 26 + -1.
6
Calculate -33 + 21 + (-7 - (-12 - 0)) - -13.
6
Evaluate -92 + 1 + (-5665 - -5660).
-96
Evaluate (836 - 903) + (10 - -49).
-8
What is (-562 - -584) + (0 - (-29 - 4 - -5))?
50
-17 + 25 - (59 + -63 + (-8 - -1))
19
((1 - 3) + (5 - 3) - -3) + (-10 - -56)
49
8 + -6 - 14 - (-7 + -11 + -74)
80
Calculate -4 + (7 - ((-11 - -12 - -2) + 53 + -1)).
-52
Evaluate (5 - 0) + (44 + -82 - 29) + 23.
-39
What is 3 + 21 - (67 + -44) - (-114 - (6 - 4))?
117
What is the value of -40 + -11 + 18 + -2 + -16 + 2?
-49
49 - (62 + -37) - 72
-48
Evaluate -36 + 34 - (-14 + 12 + -14).
14
What is (-756 - -816) + (1 - 124)?
-63
What is the value of 24 - ((16 - -10) + -16) - 17?
-3
16 + (4 - -16) + 18 + 3
57
Calculate (2 + 7 + (-45 - -41) + 40 - -9) + 3.
57
Evaluate (-166 - -36) + (201 - 161).
-90
Evaluate -39 + (-32 - 14) + 107.
22
What is the value of -40 + -31 + 64 + 0 + 3 + -39?
-43
Calculate 100 + -129 - (16 + -32).
-13
What is -96 + (54 - (-43 - 95))?
96
(-51 - -99) + -40 - -10
18
What is the value of 3 + (-15 - -10